is divided by 20.
4
Calculate the remainder when 8593 is divided by 156.
13
Calculate the remainder when 5015 is divided by 1662.
29
What is the remainder when 29406 is divided by 114?
108
Calculate the remainder when 25171 is divided by 225.
196
Calculate the remainder when 6360 is divided by 2089.
93
Calculate the remainder when 6494 is divided by 383.
366
What is the remainder when 7378 is divided by 3?
1
What is the remainder when 2332 is divided by 654?
370
What is the remainder when 12536 is divided by 113?
106
Calculate the remainder when 51537 is divided by 6440.
17
Calculate the remainder when 13848 is divided by 11.
10
What is the remainder when 7302 is divided by 102?
60
What is the remainder when 3925547 is divided by 894?
887
Calculate the remainder when 819372 is divided by 475.
472
Calculate the remainder when 421008 is divided by 31.
28
Calculate the remainder when 5578 is divided by 2781.
16
What is the remainder when 344 is divided by 197?
147
What is the remainder when 6470 is divided by 6444?
26
Calculate the remainder when 3480 is divided by 85.
80
What is the remainder when 429310 is divided by 1032?
1030
Calculate the remainder when 27264 is divided by 1363.
4
Calculate the remainder when 7256 is divided by 3125.
1006
Calculate the remainder when 85158 is divided by 835.
823
Calculate the remainder when 48277 is divided by 550.
427
What is the remainder when 1719 is divided by 1402?
317
What is the remainder when 455462 is divided by 42?
14
What is the remainder when 3309 is divided by 115?
89
What is the remainder when 15785 is divided by 329?
322
What is the remainder when 1189046 is divided by 91465?
1
Calculate the remainder when 14406 is divided by 8.
6
Calculate the remainder when 11560 is divided by 14.
10
Calculate the remainder when 574079 is divided by 60.
59
What is the remainder when 3799 is divided by 526?
117
Calculate the remainder when 7029 is divided by 1034.
825
What is the remainder when 5668 is divided by 4355?
1313
What is the remainder when 68433 is divided by 146?
105
What is the remainder when 209159 is divided by 120?
119
Calculate the remainder when 38797 is divided by 37.
21
What is the remainder when 111692 is divided by 716?
712
Calculate the remainder when 16156 is divided by 317.
306
Calculate the remainder when 14158 is divided by 4705.
43
What is the remainder when 8893 is divided by 2941?
70
Calculate the remainder when 10129 is divided by 35.
14
What is the remainder when 15006 is divided by 14?
12
What is the remainder when 943 is divided by 27?
25
Calculate the remainder when 3947 is divided by 138.
83
What is the remainder when 2601 is divided by 261?
252
Calculate the remainder when 118889 is divided by 1025.
1014
What is the remainder when 9979 is divided by 3321?
16
Calculate the remainder when 14953 is divided by 40.
33
Calculate the remainder when 43337 is divided by 965.
877
Calculate the remainder when 556566 is divided by 92761.
0
What is the remainder when 5753 is divided by 86?
77
What is the remainder when 1091855 is divided by 16?
15
Calculate the remainder when 7856 is divided by 3378.
1100
Calculate the remainder when 8231 is divided by 8105.
126
What is the remainder when 722149 is divided by 240712?
13
What is the remainder when 216746 is divided by 17?
13
Calculate the remainder when 5221 is divided by 708.
265
What is the remainder when 14757 is divided by 263?
29
Calculate the remainder when 12475 is divided by 2831.
1151
Calculate the remainder when 2468505 is divided by 6934.
1
Calculate the remainder when 5437 is divided by 88.
69
Calculate the remainder when 84108 is divided by 130.
128
What is the remainder when 19245 is divided by 2680?
485
Calculate the remainder when 62610 is divided by 31293.
24
Calculate the remainder when 286 is divided by 17.
14
What is the remainder when 179765 is divided by 1?
0
Calculate the remainder when 10187 is divided by 9914.
273
Calculate the remainder when 13651 is divided by 1516.
7
Calculate the remainder when 815928 is divided by 923.
919
What is the remainder when 2725 is divided by 900?
25
Calculate the remainder when 34515 is divided by 87.
63
Calculate the remainder when 900 is divided by 54.
36
What is the remainder when 67324 is divided by 526?
522
What is the remainder when 104 is divided by 74?
30
What is the remainder when 4313 is divided by 158?
47
What is the remainder when 10935 is divided by 285?
105
Calculate the remainder when 2420 is divided by 21.
5
What is the remainder when 12078 is divided by 242?
220
What is the remainder when 14165 is divided by 63?
53
What is the remainder when 38893 is divided by 3883?
63
Calculate the remainder when 375753 is divided by 37571.
43
What is the remainder when 77913 is divided by 100?
13
Calculate the remainder when 48918 is divided by 303.
135
Calculate the remainder when 1041 is divided by 53.
34
Calculate the remainder when 77822 is divided by 11.
8
Calculate the remainder when 72679 is divided by 413.
404
What is the remainder when 91559 is divided by 84?
83
Calculate the remainder when 10264 is divided by 149.
132
Calculate the remainder when 667 is divided by 10.
7
What is the remainder when 7973 is divided by 22?
9
Calculate the remainder when 140920 is divided by 183.
10
Calculate the remainder when 272 is divided by 68.
0
What is the remainder when 1318214 is divided by 8?
6
Calculate the remainder when 76211 is divided by 146.
145
What is the remainder when 8623 is divided by 1231?
6
What is the remainder when 30482 is divided by 42?
32
What is the remainder when 713068 is divided by 34?
20
What is the remainder when 913 is divided by 129?
10
What is the remainder when 6557 is divided by 312?
5
Calculate the remainder when 478182 is divided by 718.
712
Calculate the remainder when 3946 is divided by 334.
272
What is the remainder when 6989 is divided by 3463?
63
What is the remainder when 18153 is divided by 3598?
163
Calculate the remainder when 873 is divided by 206.
49
Calculate the remainder when 111237 is divided by 40.
37
Calculate the remainder when 672 is divided by 288.
96
Calculate the remainder when 138659 is divided by 651.
647
What is the remainder when 96209 is divided by 32?
17
Calculate the remainder when 148371 is divided by 1337.
1301
Calculate the remainder when 119157 is divided by 21.
3
What is the remainder when 147148 is divided by 50?
48
What is the remainder when 8351 is divided by 95?
86
Calculate the remainder when 4137 is divided by 1006.
113
Calculate the remainder when 17438 is divided by 4357.
10
What is the remainder when 169723 is divided by 31?
29
Calculate the remainder when 774491 is divided by 98.
95
Calculate the remainder when 182837 is divided by 24.
5
Calculate the remainder when 371809 is divided by 36.
1
Calculate the remainder when 51539 is divided by 60.
59
What is the remainder when 15125 is divided by 309?
293
What is the remainder when 7798 is divided by 3892?
14
Calculate the remainder when 3020 is divided by 63.
59
What is the remainder when 17039 is divided by 127?
21
What is the remainder when 1787 is divided by 569?
80
What is the remainder when 327311 is divided by 10?
1
What is the remainder when 1815959 is divided by 409?
408
Calculate the remainder when 295634 is divided by 190.
184
Calculate the remainder when 64600 is divided by 241.
12
Calculate the remainder when 489351 is divided by 6.
3
What is the remainder when 6931 is divided by 122?
99
What is the remainder when 16137 is divided by 204?
21
Calculate the remainder when 70653 is divided by 406.
9
What is the remainder when 99017 is divided by 98996?
21
What is the remainder when 12710 is divided by 51?
11
What is the remainder when 249270 is divided by 41539?
36
What is the remainder when 2287 is divided by 899?
489
Calculate the remainder when 19329 is divided by 879.
870
What is the remainder when 10054 is divided by 628?
6
Calculate the remainder when 14187 is divided by 204.
111
Calculate the remainder when 232977 is divided by 38.
37
Calculate the remainder when 1019198 is divided by 69.
68
What is the remainder when 296009 is divided by 1117?
4
What is the remainder when 151129 is divided by 1190?
1189
Calculate the remainder when 114